{"id":1126,"date":"2012-09-18T22:36:49","date_gmt":"2012-09-18T20:36:49","guid":{"rendered":"http:\/\/www.timlilith-ib.fr\/?page_id=1126"},"modified":"2017-11-14T17:16:56","modified_gmt":"2017-11-14T16:16:56","slug":"inscription","status":"publish","type":"page","link":"https:\/\/www.timlilith-ib.fr\/?page_id=1126","title":{"rendered":"Inscription sur notre site internet et r\u00e9seaux sociaux\u2026 Quelques rappels et conseils."},"content":{"rendered":"<div id=\"fb-root\"><\/div>\n<p><a href=\"http:\/\/www.timlilith-ib.fr\/wp-content\/uploads\/2017\/11\/Logo-photo-village.jpg\"><img loading=\"lazy\" decoding=\"async\" class=\"aligncenter size-full wp-image-19470\" src=\"http:\/\/www.timlilith-ib.fr\/wp-content\/uploads\/2017\/11\/Logo-photo-village.jpg\" alt=\"\" width=\"1000\" height=\"474\" srcset=\"https:\/\/www.timlilith-ib.fr\/wp-content\/uploads\/2017\/11\/Logo-photo-village.jpg 1000w, https:\/\/www.timlilith-ib.fr\/wp-content\/uploads\/2017\/11\/Logo-photo-village-600x284.jpg 600w, https:\/\/www.timlilith-ib.fr\/wp-content\/uploads\/2017\/11\/Logo-photo-village-800x379.jpg 800w\" sizes=\"auto, (max-width: 1000px) 100vw, 1000px\" \/><\/a><\/p>\n<p style=\"text-align: justify;\"><span style=\"font-size: 14pt;\"><strong>Bonjour \u00e0 toutes et \u00e0 tous,<\/strong><\/span><\/p>\n<p style=\"text-align: justify;\"><span style=\"font-size: 14pt;\"><strong>Comment utiliser de fa\u00e7on optimale les outils (Site internet, Page Facebook et groupe Facebook) administr\u00e9s, mod\u00e9r\u00e9s par les responsables de l\u2019association et mis \u00e0 la disposition par Timlilith-Ighil Bougueni aupr\u00e8s de ses internautes pour \u00eatre r\u00e9guli\u00e8rement tenus au courant de ses publications ?<\/strong><\/span><\/p>\n<p style=\"text-align: center;\"><strong><span style=\"text-decoration: underline; color: #0000ff;\"><span style=\"text-decoration: underline; font-size: 14pt;\">Sur le pr\u00e9sent site internet<\/span><br \/>\n<\/span><\/strong><\/p>\n<ul>\n<li style=\"text-align: justify;\"><strong>Simplement d\u00e9couvrir les diff\u00e9rentes publications<\/strong> du site en faisant d\u00e9filer vers le bas la page d\u2019accueil ou consulter les diff\u00e9rentes rubriques en haut \u2026\u2026..<\/li>\n<\/ul>\n<p><img loading=\"lazy\" decoding=\"async\" class=\"aligncenter size-full wp-image-18834\" src=\"http:\/\/www.timlilith-ib.fr\/wp-content\/uploads\/2017\/09\/image1-1.jpg\" alt=\"\" width=\"1383\" height=\"103\" srcset=\"https:\/\/www.timlilith-ib.fr\/wp-content\/uploads\/2017\/09\/image1-1.jpg 1383w, https:\/\/www.timlilith-ib.fr\/wp-content\/uploads\/2017\/09\/image1-1-600x45.jpg 600w, https:\/\/www.timlilith-ib.fr\/wp-content\/uploads\/2017\/09\/image1-1-800x60.jpg 800w, https:\/\/www.timlilith-ib.fr\/wp-content\/uploads\/2017\/09\/image1-1-1200x89.jpg 1200w\" sizes=\"auto, (max-width: 1383px) 100vw, 1383px\" \/><\/p>\n<p>et \u00e0 gauche de cette page<\/p>\n<p><img loading=\"lazy\" decoding=\"async\" class=\"aligncenter size-full wp-image-18793\" src=\"http:\/\/www.timlilith-ib.fr\/wp-content\/uploads\/2017\/09\/image2.jpg\" alt=\"\" width=\"212\" height=\"152\" \/><\/p>\n<ul>\n<li style=\"text-align: justify;\"><strong>Vous abonner \u00e0 la newsletter du site <\/strong>(pour ceux qui ne le sont pas) en compl\u00e9tant le mini-formulaire situ\u00e9 \u00e0 gauche de cette page (pour cela, vous devez disposer d\u2019une adresse e-mail)\u00a0:<\/li>\n<\/ul>\n<p><img loading=\"lazy\" decoding=\"async\" class=\"aligncenter size-full wp-image-18794\" src=\"http:\/\/www.timlilith-ib.fr\/wp-content\/uploads\/2017\/09\/image3.jpg\" alt=\"\" width=\"176\" height=\"300\" \/><\/p>\n<p style=\"text-align: justify;\">Vous recevrez imm\u00e9diatement un e-mail pour confirmer votre abonnement.<\/p>\n<p style=\"text-align: justify;\">Si vous vous \u00eates d\u00e9j\u00e0 inscrit \u00e0 cette newsletter et que vous n&rsquo;avez jamais re\u00e7u de confirmation, refaite simplement la proc\u00e9dure d&rsquo;inscription.<\/p>\n<ul style=\"text-align: justify;\">\n<li><strong>Vous inscrire sur le site<\/strong> (pour ceux qui ne le sont pas) pour pouvoir commenter les diverses publications, \u00eatre averti instantan\u00e9ment des nouvelles publications parues sur le site voire en proposer aux administrateurs du site (vous devez disposer d\u2019une adresse e-mail). Notez que L\u2019acc\u00e8s aux comptes rendus de r\u00e9unions et autres documents internes est r\u00e9serv\u00e9 aux adh\u00e9rents de l&rsquo;association Timlilith-Ighil Bougueni (<a id=\"yui_3_16_0_ym19_1_1506783035029_4720\" href=\"http:\/\/www.timlilith-ib.fr\/?page_id=233\" target=\"_blank\" rel=\"nofollow noopener\">voir rubrique compte rendus<\/a>).<\/li>\n<\/ul>\n<p style=\"text-align: justify;\">&#8211; Cliquez sur le lien l&rsquo;onglet \u00ab\u00a0s&rsquo;enregistrer\u00a0\u00bb en haut et \u00e0 droite:<\/p>\n<p style=\"text-align: justify;\"><img loading=\"lazy\" decoding=\"async\" class=\"size-full wp-image-19020 aligncenter\" src=\"http:\/\/www.timlilith-ib.fr\/wp-content\/uploads\/2012\/09\/senregistrer.jpg\" alt=\"\" width=\"340\" height=\"230\" \/><\/p>\n<p style=\"text-align: justify;\">&#8211; Compl\u00e9ter le mini-formulaire propos\u00e9 sur la page suivante en choisissant un identifiant et indiquant votre adresse e-mail (sans oublier de recopier le code captcha propos\u00e9 et cocher la case \u00ab\u00a0Oui, ajoutez moi \u00e0 votre liste de diffusion\u00bb).<\/p>\n<p><img loading=\"lazy\" decoding=\"async\" class=\"size-full wp-image-19021 aligncenter\" src=\"http:\/\/www.timlilith-ib.fr\/wp-content\/uploads\/2012\/09\/senregistrer-bis.jpg\" alt=\"\" width=\"417\" height=\"398\" \/><\/p>\n<p style=\"text-align: justify;\">&#8211; Vous recevrez imm\u00e9diatement un e-mail, comme ci-dessous, confirmant votre inscription.<\/p>\n<p style=\"text-align: justify;\"><img loading=\"lazy\" decoding=\"async\" class=\"aligncenter size-full wp-image-18800\" src=\"http:\/\/www.timlilith-ib.fr\/wp-content\/uploads\/2017\/09\/image7.jpg\" alt=\"\" width=\"515\" height=\"204\" \/><\/p>\n<p style=\"text-align: justify;\">&#8211; En cliquant sur le lien propos\u00e9, une nouvelle page vous propose de choisir un mot de passe (pour remplacer celui qui vous a \u00e9t\u00e9 attribu\u00e9 par d\u00e9faut: choisissez un m\u00e9lange de chiffres et lettres d&rsquo;au moins 12 caract\u00e8res.<\/p>\n<p><img loading=\"lazy\" decoding=\"async\" class=\"aligncenter size-full wp-image-18801\" src=\"http:\/\/www.timlilith-ib.fr\/wp-content\/uploads\/2017\/09\/image8.jpg\" alt=\"\" width=\"330\" height=\"400\" \/><\/p>\n<p style=\"text-align: justify;\">Le statut <strong>d\u2019abonn\u00e9<\/strong> vous est automatiquement attribu\u00e9 et vous pourrez acc\u00e9der \u00e0 votre compte, compl\u00e9ter votre profil, choisir un pseudonyme qui seul appara\u00eetra en public si vous voulez. Vous pouvez demander aux administrateurs du site de b\u00e9n\u00e9ficier du statut de \u00ab<strong>contributeur<\/strong>\u00bb ou de \u00ab<strong>auteur<\/strong>\u00bb pour pouvoir proposer des publications sur le site en sachant que vos propositions seront soumise \u00e0 mod\u00e9ration de la part des responsables de l\u2019association.<\/p>\n<p style=\"text-align: justify;\">De plus, vous pourrez \u00e0 tout moment<\/p>\n<p style=\"text-align: justify;\">\u2026acc\u00e9der \u00e0 votre compte sur le site en allant sur la rubrique en haut \u00e0 droite\u00a0de cette page:<\/p>\n<p style=\"text-align: justify;\">\u2026changer de mot de passe via cette m\u00eame rubrique (en tapant un mot de passe fictif, le syst\u00e8me vous sugg\u00e9rera de le changer comme si vous l\u2019aviez oubli\u00e9), soit une fois connect\u00e9 sur votre compte (si vous souhaitez en changer).<\/p>\n<p>Si vous\u00a0rencontrez des probl\u00e8mes li\u00e9s \u00e0 la proc\u00e9dure d&rsquo;inscription merci de nous adresser un message en vous rendant <span id=\"yui_3_16_0_ym19_1_1506783035029_5146\"><a id=\"yui_3_16_0_ym19_1_1506783035029_5145\" title=\"Contactez-nous\" href=\"http:\/\/www.timlilith-ib.fr\/?page_id=68\" target=\"_blank\" rel=\"nofollow noopener\"><span id=\"yui_3_16_0_ym19_1_1506783035029_5144\">ici<\/span><\/a><\/span>.<\/p>\n<p style=\"text-align: center;\"><span style=\"text-decoration: underline; font-size: 14pt;\"><span style=\"background-color: #ffffff;\"><span style=\"color: #0000ff;\"><strong>La page Facebook <\/strong><\/span><\/span><\/span><\/p>\n<p style=\"text-align: justify;\">Vous pouvez:<\/p>\n<ul style=\"text-align: justify;\">\n<li>Soit consulter librement les diff\u00e9rentes publications de notre page en allant sur le lien <a href=\"https:\/\/www.facebook.com\/timlilith.ighilbougueni\/\" target=\"_blank\" rel=\"noopener\">\u00ab\u00a0page Facebook\u00a0\u00bb.<\/a><\/li>\n<li>Soit \u00ab\u00a0commenter\u00a0\u00bb une de nos publications, nous <strong>\u00abaimer\u00bb<\/strong> apr\u00e8s vous \u00eatre connect\u00e9 sur votre propre compte Facebook (vous devez disposer \u00e9videmment d\u2019un compte Facebook pour cela).<\/li>\n<\/ul>\n<p style=\"text-align: center;\"><span style=\"font-size: 14pt;\"><strong><span style=\"color: #0000ff;\"><span style=\"text-decoration: underline;\">Le groupe Facebook \u00ab\u00a0Timlilith Ighil Bougueni\u00a0\u00bb<\/span><br \/>\n<\/span><\/strong><\/span><\/p>\n<p style=\"text-align: justify;\">Il a \u00e9t\u00e9 cr\u00e9\u00e9 pour remplacer le<strong> \u00abjournal\u00a0\u00bb <\/strong>Facebook d\u00e9sactiv\u00e9 r\u00e9cemment.\u00a0Vous pouvez le rejoindre et inscrire vos amis sur ce groupe en cliquant sur ce lien<strong> :\u00a0\u00ab\u00a0<a href=\"https:\/\/www.facebook.com\/groups\/GroupeTIB\/\">Groupe Timlilith Ighil Bougueni<\/a>\u00ab\u00a0.<\/strong><\/p>\n<p style=\"text-align: center;\"><span style=\"text-decoration: underline; font-size: 14pt;\"><span style=\"color: #0000ff;\"><strong>Le compte\u00a0 \u00ab\u00a0Twitter\u00a0\u00bb<\/strong><\/span><\/span><\/p>\n<p style=\"text-align: justify;\">Vous ne le saviez peut \u00eatre pas, mais les publications du site de Timlilith-Ighil Bougueni ont \u00e9t\u00e9 syst\u00e9matiquement r\u00e9percut\u00e9es sur le r\u00e9seau social\u00a0\u00a0<a href=\"https:\/\/twitter.com\/TimlilithIB\">\u00ab\u00a0Twitter\u00a0\u00bb<\/a>. Nous n\u2019avons pas communiqu\u00e9 sur ce r\u00e9seau social et nous pensons que la majorit\u00e9 de nos lecteurs ignore sa pr\u00e9sence alors qu\u2019il existe depuis la cr\u00e9ation de notre site internet. C\u2019est pourquoi nous souhaitons vous le faire d\u00e9couvrir aujourd\u2019hui. Pour cela, il vous suffit de cliquer sur le lien, ci-dessous, pour y parvenir :\u00a0<strong><a href=\"https:\/\/twitter.com\/TimlilithIB\" target=\"_blank\" rel=\"noopener\">https:\/\/twitter.com\/TimlilithIB<\/a><\/strong><\/p>\n<p style=\"text-align: justify;\">Inscrivez vous et faites inscrire votre famille et amis(es) \u00e0 tous ces outils.<\/p>\n<p><strong id=\"yui_3_16_0_ym19_1_1506783035029_4135\"><span id=\"yui_3_16_0_ym19_1_1506783035029_4133\">NB: s&rsquo;inscrire sur le site, la page Facebook et le groupe Facebook, ne veut pas dire adh\u00e9rer \u00e0 Timlilith-Ighil Bougueni.<\/span><\/strong><\/p>\n<p style=\"text-align: justify;\">Bonne visite sur notre <strong>site internet<\/strong>, <strong>page<\/strong> <strong>et<\/strong> <strong>groupe<\/strong> <strong>Facebook et Twitter.<\/strong><\/p>\n<p style=\"text-align: justify;\">Timlilith-Ighil Bougueni<\/p>\n","protected":false},"excerpt":{"rendered":"<p>Bonjour \u00e0 toutes et \u00e0 tous, Comment utiliser de fa\u00e7on optimale les outils (Site internet, Page Facebook et groupe Facebook) administr\u00e9s, mod\u00e9r\u00e9s par les responsables de l\u2019association et mis \u00e0 la disposition par Timlilith-Ighil Bougueni aupr\u00e8s de ses internautes pour \u00eatre r\u00e9guli\u00e8rement tenus au courant de ses publications ? Sur le pr\u00e9sent site internet Simplement &hellip; <a href=\"https:\/\/www.timlilith-ib.fr\/?page_id=1126\" class=\"more-link\">Continuer la lecture de <span class=\"screen-reader-text\">Inscription sur notre site internet et r\u00e9seaux sociaux\u2026 Quelques rappels et conseils.<\/span>  <span class=\"meta-nav\">&rarr;<\/span><\/a><\/p>\n","protected":false},"author":1,"featured_media":0,"parent":0,"menu_order":0,"comment_status":"closed","ping_status":"closed","template":"","meta":{"footnotes":""},"class_list":["post-1126","page","type-page","status-publish","hentry"],"jetpack_sharing_enabled":false,"_links":{"self":[{"href":"https:\/\/www.timlilith-ib.fr\/index.php?rest_route=\/wp\/v2\/pages\/1126","targetHints":{"allow":["GET"]}}],"collection":[{"href":"https:\/\/www.timlilith-ib.fr\/index.php?rest_route=\/wp\/v2\/pages"}],"about":[{"href":"https:\/\/www.timlilith-ib.fr\/index.php?rest_route=\/wp\/v2\/types\/page"}],"author":[{"embeddable":true,"href":"https:\/\/www.timlilith-ib.fr\/index.php?rest_route=\/wp\/v2\/users\/1"}],"replies":[{"embeddable":true,"href":"https:\/\/www.timlilith-ib.fr\/index.php?rest_route=%2Fwp%2Fv2%2Fcomments&post=1126"}],"version-history":[{"count":0,"href":"https:\/\/www.timlilith-ib.fr\/index.php?rest_route=\/wp\/v2\/pages\/1126\/revisions"}],"wp:attachment":[{"href":"https:\/\/www.timlilith-ib.fr\/index.php?rest_route=%2Fwp%2Fv2%2Fmedia&parent=1126"}],"curies":[{"name":"wp","href":"https:\/\/api.w.org\/{rel}","templated":true}]}}