{"id":330,"date":"2012-07-18T01:09:04","date_gmt":"2012-07-18T00:09:04","guid":{"rendered":"http:\/\/www.timlilith-ib.fr\/?page_id=330"},"modified":"2014-05-08T17:39:01","modified_gmt":"2014-05-08T16:39:01","slug":"emplois-en-region-de-montagne-le-cas-ighil-bougueni","status":"publish","type":"page","link":"https:\/\/www.timlilith-ib.fr\/?page_id=330","title":{"rendered":"Emplois en montagne"},"content":{"rendered":"<div id=\"fb-root\"><\/div>\n<h1>Emplois en Region de Montagne &#8211; Le cas Ighil-Bougueni<\/h1>\n<p style=\"text-align: justify;\">Bonjour \u00e0 tous,<\/p>\n<p style=\"text-align: justify;\">Dans le but de cerner les contraintes \u00a0\u00e0 la cr\u00e9ation d\u2019emploi durables dans les zones montagneuses et comprendre les d\u00e9fis auxquels font face les villageois dans leur recherche d\u2019emploi, nous souhaitons partager avec vous cette capsule vid\u00e9o qui illustre un des nombreux m\u00e9tiers de la montagne. Celle-ci est post\u00e9e \u00e0 titre d\u2019exemple des m\u00e9tiers respectueux des sp\u00e9cificit\u00e9s de la r\u00e9gion, de l\u2019environnement et porteur de valeur ajout\u00e9e \u00e0 l\u2019\u00e9conomie de la r\u00e9gion. Toute initiative de cr\u00e9ation de la richesse dans notre village ou dans la r\u00e9gion doit \u00eatre pens\u00e9e en harmonie avec la culture des populations et la vocation de la r\u00e9gion, faute de quoi les r\u00e9sultats seront peu probants. Il existe bien des politiques de soutien \u00e0 l\u2019emploi de jeune du gouvernement et des collectivit\u00e9s locales, elles resteront peu efficaces, tant et aussi longtemps que les projets s\u00e9lectionn\u00e9s et soutenus ne soit pas int\u00e9gr\u00e9s \u00e0 la vocation de notre r\u00e9gion, soit un village montagnard, situe dans le bassin versant a grand barrage d\u2019eau. Nous aurons certainement l\u2019occasion, dans nos futures capsules de revenir sur la multitude de possibilit\u00e9s qu\u2019offre un tel environnement. Nous souhaitons pouvoir amorcer un d\u00e9bat sur la cr\u00e9ation d\u2019emplois durables dans notre village.<\/p>\n<ol style=\"text-align: justify;\">\n<li>Existe-il un exemple de cr\u00e9ation d\u2019emploi r\u00e9ussi \u00e0 suivre?<\/li>\n<li>Quels sont les domaines qui seraient int\u00e9ressants \u00e0 explorer?<\/li>\n<li>Quels sont les m\u00e9tiers \u00e0 encourager?<\/li>\n<li>Comment cr\u00e9er un environnement propice pour la cr\u00e9ation d\u2019emploi dans notre\u00a0village?<\/li>\n<li>Quelles sont les v\u00e9ritables potentialit\u00e9s de notre r\u00e9gion? Quelle est sa vocation?<\/li>\n<li>Qui sont les acteurs majeurs dans la cr\u00e9ation d\u2019entreprises et d\u2019emploi (Les\u00a0agences, les\u00a0collectivit\u00e9s locales, les associations, les coop\u00e9ratives\u2026etc.) ?<\/li>\n<li>Quels sont les programmes mis en \u0153uvre par les autorit\u00e9s?<\/li>\n<\/ol>\n<p style=\"text-align: justify;\">Autant de questions auxquelles nous souhaitons trouver des r\u00e9ponses gr\u00e2ce \u00e0 vos contributions et interventions afin d\u2019y voir plus clair.<\/p>\n<p style=\"text-align: justify;\">[youtube=http:\/\/www.youtube.com\/watch?v=okyNIhBwr2s]<\/p>\n<p style=\"text-align: justify;\">Bien \u00e0 vous.<\/p>\n<h1>TIMLILITH-IB<\/h1>\n","protected":false},"excerpt":{"rendered":"<p>Emplois en Region de Montagne &#8211; Le cas Ighil-Bougueni Bonjour \u00e0 tous, Dans le but de cerner les contraintes \u00a0\u00e0 la cr\u00e9ation d\u2019emploi durables dans les zones montagneuses et comprendre les d\u00e9fis auxquels font face les villageois dans leur recherche d\u2019emploi, nous souhaitons partager avec vous cette capsule vid\u00e9o qui illustre un des nombreux m\u00e9tiers &hellip; <a href=\"https:\/\/www.timlilith-ib.fr\/?page_id=330\" class=\"more-link\">Continuer la lecture de <span class=\"screen-reader-text\">Emplois en montagne<\/span>  <span class=\"meta-nav\">&rarr;<\/span><\/a><\/p>\n","protected":false},"author":3,"featured_media":0,"parent":264,"menu_order":0,"comment_status":"open","ping_status":"closed","template":"page-templates\/full-width.php","meta":{"footnotes":""},"class_list":["post-330","page","type-page","status-publish","hentry"],"jetpack_sharing_enabled":true,"_links":{"self":[{"href":"https:\/\/www.timlilith-ib.fr\/index.php?rest_route=\/wp\/v2\/pages\/330","targetHints":{"allow":["GET"]}}],"collection":[{"href":"https:\/\/www.timlilith-ib.fr\/index.php?rest_route=\/wp\/v2\/pages"}],"about":[{"href":"https:\/\/www.timlilith-ib.fr\/index.php?rest_route=\/wp\/v2\/types\/page"}],"author":[{"embeddable":true,"href":"https:\/\/www.timlilith-ib.fr\/index.php?rest_route=\/wp\/v2\/users\/3"}],"replies":[{"embeddable":true,"href":"https:\/\/www.timlilith-ib.fr\/index.php?rest_route=%2Fwp%2Fv2%2Fcomments&post=330"}],"version-history":[{"count":0,"href":"https:\/\/www.timlilith-ib.fr\/index.php?rest_route=\/wp\/v2\/pages\/330\/revisions"}],"up":[{"embeddable":true,"href":"https:\/\/www.timlilith-ib.fr\/index.php?rest_route=\/wp\/v2\/pages\/264"}],"wp:attachment":[{"href":"https:\/\/www.timlilith-ib.fr\/index.php?rest_route=%2Fwp%2Fv2%2Fmedia&parent=330"}],"curies":[{"name":"wp","href":"https:\/\/api.w.org\/{rel}","templated":true}]}}