{"id":374,"date":"2012-07-21T14:27:48","date_gmt":"2012-07-21T13:27:48","guid":{"rendered":"http:\/\/www.timlilith-ib.fr\/?page_id=374"},"modified":"2014-05-08T17:38:27","modified_gmt":"2014-05-08T16:38:27","slug":"tournoi-inter-villages-2012","status":"publish","type":"page","link":"https:\/\/www.timlilith-ib.fr\/?page_id=374","title":{"rendered":"Tournoi inter villages 2012"},"content":{"rendered":"<div id=\"fb-root\"><\/div>\n<p>Vid\u00e9o du tournoi inter villages N Ath Aammar Wessaid lors duquel les villages d&rsquo;Ighil Bougueni, d&rsquo;Aourir, de Tililit et de Tasga Meloul se sont retrouv\u00e9s autour d&rsquo;un \u00e9v\u00e8nement organis\u00e9 en commun.<\/p>\n<p>[youtube=http:\/\/youtu.be\/LCjZY2kaIfg]<\/p>\n","protected":false},"excerpt":{"rendered":"<p>Vid\u00e9o du tournoi inter villages N Ath Aammar Wessaid lors duquel les villages d&rsquo;Ighil Bougueni, d&rsquo;Aourir, de Tililit et de Tasga Meloul se sont retrouv\u00e9s autour d&rsquo;un \u00e9v\u00e8nement organis\u00e9 en commun. [youtube=http:\/\/youtu.be\/LCjZY2kaIfg]<\/p>\n","protected":false},"author":1,"featured_media":0,"parent":47,"menu_order":0,"comment_status":"open","ping_status":"closed","template":"page-templates\/full-width.php","meta":{"footnotes":""},"class_list":["post-374","page","type-page","status-publish","hentry"],"jetpack_sharing_enabled":true,"_links":{"self":[{"href":"https:\/\/www.timlilith-ib.fr\/index.php?rest_route=\/wp\/v2\/pages\/374","targetHints":{"allow":["GET"]}}],"collection":[{"href":"https:\/\/www.timlilith-ib.fr\/index.php?rest_route=\/wp\/v2\/pages"}],"about":[{"href":"https:\/\/www.timlilith-ib.fr\/index.php?rest_route=\/wp\/v2\/types\/page"}],"author":[{"embeddable":true,"href":"https:\/\/www.timlilith-ib.fr\/index.php?rest_route=\/wp\/v2\/users\/1"}],"replies":[{"embeddable":true,"href":"https:\/\/www.timlilith-ib.fr\/index.php?rest_route=%2Fwp%2Fv2%2Fcomments&post=374"}],"version-history":[{"count":0,"href":"https:\/\/www.timlilith-ib.fr\/index.php?rest_route=\/wp\/v2\/pages\/374\/revisions"}],"up":[{"embeddable":true,"href":"https:\/\/www.timlilith-ib.fr\/index.php?rest_route=\/wp\/v2\/pages\/47"}],"wp:attachment":[{"href":"https:\/\/www.timlilith-ib.fr\/index.php?rest_route=%2Fwp%2Fv2%2Fmedia&parent=374"}],"curies":[{"name":"wp","href":"https:\/\/api.w.org\/{rel}","templated":true}]}}