{"id":47,"date":"2012-06-13T23:32:17","date_gmt":"2012-06-13T21:32:17","guid":{"rendered":"http:\/\/cluster015.ovh.net\/~timlilit\/?page_id=47"},"modified":"2014-05-08T17:11:52","modified_gmt":"2014-05-08T16:11:52","slug":"videos","status":"publish","type":"page","link":"https:\/\/www.timlilith-ib.fr\/?page_id=47","title":{"rendered":"Vid\u00e9os"},"content":{"rendered":"<div id=\"fb-root\"><\/div>\n<h1><span style=\"text-decoration: underline;\"><a title=\"\u00abTAYARZA\u00bb ou le secret de nos a\u00efeux\" href=\"http:\/\/www.timlilith-ib.fr\/?page_id=1314\">\u00abTAYARZA\u00bb ou le secret de nos a\u00efeux<\/a><\/span><\/h1>\n<p style=\"text-align: justify;\">Cette vid\u00e9o en trois parties nous permet de d\u00e9couvrir un noble m\u00e9tier, \u00e0 travers ce t\u00e9moignage de \u00abKhouya Ali\u00bb. Ce dernier nous d\u00e9taille les diff\u00e9rentes facettes de son m\u00e9tier : \u00a0son\u00a0outil de travail, la passion qui l&rsquo;anime \u00e0 l&rsquo;ouvrage, avec une \u00e9nergie et une sinc\u00e9rit\u00e9 qui distinguent sa g\u00e9n\u00e9ration.<\/p>\n<p>Bon visionnage.<\/p>\n<p><strong>Premi\u00e8re partie :<\/strong><\/p>\n<p><iframe loading=\"lazy\" title=\"Le labourage traditionnel en Kabylie ( TIYARZA) 1\u00e9re partie.\" width=\"474\" height=\"356\" src=\"https:\/\/www.youtube.com\/embed\/5ZHVjpl8fgU?feature=oembed\" frameborder=\"0\" allow=\"accelerometer; autoplay; clipboard-write; encrypted-media; gyroscope; picture-in-picture; web-share\" referrerpolicy=\"strict-origin-when-cross-origin\" allowfullscreen><\/iframe><\/p>\n<p><strong>Seconde partie :<\/strong><\/p>\n<p><iframe loading=\"lazy\" title=\"Le labourage traditionnel en Kabylie ( TIYARZA) 2\u00e9me partie\" width=\"474\" height=\"356\" src=\"https:\/\/www.youtube.com\/embed\/qeOapdLGe2Q?feature=oembed\" frameborder=\"0\" allow=\"accelerometer; autoplay; clipboard-write; encrypted-media; gyroscope; picture-in-picture; web-share\" referrerpolicy=\"strict-origin-when-cross-origin\" allowfullscreen><\/iframe><\/p>\n<p><strong>Troisi\u00e8me partie :<\/strong><\/p>\n<p><iframe loading=\"lazy\" title=\"Le labourrage  traditionnel en Kabylie ( TIYARZA) 3\u00e9me partie.\" width=\"474\" height=\"356\" src=\"https:\/\/www.youtube.com\/embed\/mlnxiIvlYGc?feature=oembed\" frameborder=\"0\" allow=\"accelerometer; autoplay; clipboard-write; encrypted-media; gyroscope; picture-in-picture; web-share\" referrerpolicy=\"strict-origin-when-cross-origin\" allowfullscreen><\/iframe><\/p>\n<p style=\"text-align: justify;\">_________________________________________________________________________<\/p>\n<h1 style=\"text-align: justify;\"><span style=\"text-decoration: underline;\"><a title=\"Sarah Ourahmoune : une fille pas comme les autres\" href=\"http:\/\/www.timlilith-ib.fr\/?page_id=1318\">Boxeuse, intello et d\u00e9cor\u00e9e de la l\u00e9gion d&rsquo;honneur : Sarah n&rsquo;est pas une fille comme les autres.<\/a><\/span><\/h1>\n<p style=\"text-align: justify;\">Sarah\u00a0est une jeune fille originaire de notre village, Ighil\u00a0Bougueni.\u00a0D\u00e9cor\u00e9e de la l\u00e9gion d\u2019honneur en avril 2012, Sarah\u00a0boxe \u00e0 haut niveau depuis 1999 et \u00e9tudie \u00e0 Sciences Po.\u00a0Elle a \u00e9t\u00e9 plusieurs fois championne de France, championne d\u2019europe et championne du monde dans sa cat\u00e9gorie, poids mouche, en boxe anglaise.\u00a0Comme quoi, on peut allier sport de haut niveau et \u00e9tudes sup\u00e9rieures. C\u2019est un exemple pour nos jeunes.<\/p>\n<p style=\"text-align: justify;\">Ci-dessous, une interview extraite de son passage \u00e0 l\u2019\u00e9mission \u00ab\u00a0Teum\u00a0Teum\u00a0\u00bb sp\u00e9ciale Djamel\u00a0Debbouze.<\/p>\n<p style=\"text-align: justify;\">Si vous souhaitez en savoir plus sur Sarah, rendez-vous sur son blog\u00a0:\u00a0<a href=\"http:\/\/www.sarahourahmoune.com\/\">http:\/\/www.sarahourahmoune.com\/<\/a><\/p>\n<p>[dailymotion id=xkxa82]<\/p>\n<p>_________________________________________________________________________<\/p>\n<h1><a href=\"http:\/\/www.timlilith-ib.fr\/?page_id=374\"><span style=\"text-decoration: underline; color: #3366ff;\"><strong>Tournoi inter villages N Ath Aammar Wessaid 2012<\/strong><\/span><\/a><\/h1>\n<p style=\"text-align: justify;\"><span style=\"font-size: small; line-height: 24px;\">Vid\u00e9o du tournoi inter villages N Ath Aammar Wessaid lors duquel les villages d&rsquo;Ighil Bougueni, d&rsquo;Aourir, de Tililit et de Tasga Meloul se sont retrouv\u00e9s autour d&rsquo;un \u00e9v\u00e8nement organis\u00e9 en commun.<\/span><\/p>\n<p>[youtube=http:\/\/youtu.be\/LCjZY2kaIfg]<\/p>\n<p>_________________________________________________________________________<\/p>\n<h1><a title=\"Ighil Bougueni en images\" href=\"http:\/\/www.timlilith-ib.fr\/?page_id=625\"><span style=\"text-decoration: underline;\"><strong style=\"color: #3366ff; text-decoration: underline;\">Ighil Bougueni en images<\/strong><\/span><\/a><\/h1>\n<p style=\"text-align: justify;\"><span style=\"font-size: small; line-height: 24px;\">Reportage tourn\u00e9 en 2007 \u00e0 Ighil Bogueni par la cha\u00eene de t\u00e9l\u00e9vision Berb\u00e8re TV.<\/span><\/p>\n<div id=\"watch-description-text\">\n<p id=\"eow-description\" style=\"text-align: justify;\">La tribu des Ath Menguellet compte, selon la tradition, quarante saints. Dont de nombreuses saintes. L&rsquo;une d&rsquo;entre elle est sis \u00e0 Ighil Bougueni : Yema El Missoura. Sa protection s&rsquo;agr\u00e8ge avec celle de Sidi M&rsquo;hend Oumensour, et Sidi Ali Oubouzid. La localisation du village doit bien justifier ce nombre de saints protecteurs.<\/p>\n<p style=\"text-align: justify;\">Apr\u00e8s une longue p\u00e9riode d&rsquo;interruption les villageois ont renou\u00e9 avec la Zerda traditionelle&#8230;. l&rsquo;occasion pour Berb\u00e8re Tv de restituer une image vivante de ce village aux multiples facettes.<\/p>\n<\/div>\n<p style=\"text-align: justify;\">[youtube=http:\/\/www.youtube.com\/watch?v=j0pbOvK4vyE&amp;feature=player_embedded]<\/p>\n<p>&nbsp;<\/p>\n<p>&nbsp;<\/p>\n","protected":false},"excerpt":{"rendered":"<p>\u00abTAYARZA\u00bb ou le secret de nos a\u00efeux Cette vid\u00e9o en trois parties nous permet de d\u00e9couvrir un noble m\u00e9tier, \u00e0 travers ce t\u00e9moignage de \u00abKhouya Ali\u00bb. Ce dernier nous d\u00e9taille les diff\u00e9rentes facettes de son m\u00e9tier : \u00a0son\u00a0outil de travail, la passion qui l&rsquo;anime \u00e0 l&rsquo;ouvrage, avec une \u00e9nergie et une sinc\u00e9rit\u00e9 qui distinguent sa &hellip; <a href=\"https:\/\/www.timlilith-ib.fr\/?page_id=47\" class=\"more-link\">Continuer la lecture de <span class=\"screen-reader-text\">Vid\u00e9os<\/span>  <span class=\"meta-nav\">&rarr;<\/span><\/a><\/p>\n","protected":false},"author":1,"featured_media":0,"parent":43,"menu_order":0,"comment_status":"open","ping_status":"closed","template":"page-templates\/full-width.php","meta":{"footnotes":""},"class_list":["post-47","page","type-page","status-publish","hentry"],"jetpack_sharing_enabled":false,"_links":{"self":[{"href":"https:\/\/www.timlilith-ib.fr\/index.php?rest_route=\/wp\/v2\/pages\/47","targetHints":{"allow":["GET"]}}],"collection":[{"href":"https:\/\/www.timlilith-ib.fr\/index.php?rest_route=\/wp\/v2\/pages"}],"about":[{"href":"https:\/\/www.timlilith-ib.fr\/index.php?rest_route=\/wp\/v2\/types\/page"}],"author":[{"embeddable":true,"href":"https:\/\/www.timlilith-ib.fr\/index.php?rest_route=\/wp\/v2\/users\/1"}],"replies":[{"embeddable":true,"href":"https:\/\/www.timlilith-ib.fr\/index.php?rest_route=%2Fwp%2Fv2%2Fcomments&post=47"}],"version-history":[{"count":0,"href":"https:\/\/www.timlilith-ib.fr\/index.php?rest_route=\/wp\/v2\/pages\/47\/revisions"}],"up":[{"embeddable":true,"href":"https:\/\/www.timlilith-ib.fr\/index.php?rest_route=\/wp\/v2\/pages\/43"}],"wp:attachment":[{"href":"https:\/\/www.timlilith-ib.fr\/index.php?rest_route=%2Fwp%2Fv2%2Fmedia&parent=47"}],"curies":[{"name":"wp","href":"https:\/\/api.w.org\/{rel}","templated":true}]}}