{"id":625,"date":"2012-08-06T01:55:56","date_gmt":"2012-08-06T00:55:56","guid":{"rendered":"http:\/\/www.timlilith-ib.fr\/?page_id=625"},"modified":"2018-01-24T02:26:56","modified_gmt":"2018-01-24T01:26:56","slug":"ighil-bougueni-en-photos","status":"publish","type":"page","link":"https:\/\/www.timlilith-ib.fr\/?page_id=625","title":{"rendered":"Ighil Bougueni en images"},"content":{"rendered":"<div id=\"fb-root\"><\/div>\n<p style=\"text-align: justify;\">Cette Librairie de photos est mise \u00e0 la disposition des membres de notre communaut\u00e9 afin qu\u2019ils puissent partager entre eux des photos de notre village, l\u2019objectif \u00e9tant de le faire connaitre \u00e0 travers les photos que vous allez sugg\u00e9rer. Nous sommes persuad\u00e9s que de retour de\u00a0vos vacances, vous avez fait le plein de souvenirs. Si vous souhaitez les partager avec nos concitoyens, cette librairie est l\u2019endroit tout indiqu\u00e9. Ainsi, toutes les facettes de notre village se verront d\u00e9voil\u00e9es \u00e0 notre communaut\u00e9. Ighil Bougueni c\u2019est des paysages, une infrastructure, un urbanisme, un patrimoine mat\u00e9riel et immat\u00e9riel, des souvenirs, des attraits, une histoire,\u00a0des anecdotes, des us et des coutumes\u2026etc.<\/p>\n<p style=\"text-align: justify;\">Le village Ighil Bougueni ? Parlons-en&#8230; en <strong>photos<\/strong> !<\/p>\n<figure id=\"attachment_2159\" aria-describedby=\"caption-attachment-2159\" style=\"width: 234px\" class=\"wp-caption alignnone\"><a title=\"Photos du village\" href=\"http:\/\/www.timlilith-ib.fr\/?page_id=2525\"><img loading=\"lazy\" decoding=\"async\" class=\" wp-image-2159\" style=\"border: 1px solid black;\" src=\"http:\/\/www.timlilith-ib.fr\/wp-content\/uploads\/2012\/07\/P1010030.jpg\" alt=\"Ighil Bougueni\" width=\"234\" height=\"176\" srcset=\"https:\/\/www.timlilith-ib.fr\/wp-content\/uploads\/2012\/07\/P1010030.jpg 1280w, https:\/\/www.timlilith-ib.fr\/wp-content\/uploads\/2012\/07\/P1010030-300x225.jpg 300w, https:\/\/www.timlilith-ib.fr\/wp-content\/uploads\/2012\/07\/P1010030-1024x768.jpg 1024w, https:\/\/www.timlilith-ib.fr\/wp-content\/uploads\/2012\/07\/P1010030-400x300.jpg 400w, https:\/\/www.timlilith-ib.fr\/wp-content\/uploads\/2012\/07\/P1010030-800x600.jpg 800w, https:\/\/www.timlilith-ib.fr\/wp-content\/uploads\/2012\/07\/P1010030-1200x900-cropped.jpg 1200w\" sizes=\"auto, (max-width: 234px) 100vw, 234px\" \/><\/a><figcaption id=\"caption-attachment-2159\" class=\"wp-caption-text\">Photos du village<\/figcaption><\/figure>\n<figure id=\"attachment_2322\" aria-describedby=\"caption-attachment-2322\" style=\"width: 234px\" class=\"wp-caption alignnone\"><a title=\"Photos de Mohamed Ath El Hadj Said\" href=\"http:\/\/www.timlilith-ib.fr\/?page_id=2524\"><img loading=\"lazy\" decoding=\"async\" class=\" wp-image-2322 \" style=\"border: 1px solid black;\" src=\"http:\/\/www.timlilith-ib.fr\/wp-content\/uploads\/2012\/07\/Tamda-Lhadj-Hammou-Ighil-Bougueni-Mohamed-At-El-Hadj-Said-2.jpg\" alt=\"Tamda Lhadj Hammou - Ighil Bougueni\" width=\"234\" height=\"176\" srcset=\"https:\/\/www.timlilith-ib.fr\/wp-content\/uploads\/2012\/07\/Tamda-Lhadj-Hammou-Ighil-Bougueni-Mohamed-At-El-Hadj-Said-2.jpg 2048w, https:\/\/www.timlilith-ib.fr\/wp-content\/uploads\/2012\/07\/Tamda-Lhadj-Hammou-Ighil-Bougueni-Mohamed-At-El-Hadj-Said-2-300x225.jpg 300w, https:\/\/www.timlilith-ib.fr\/wp-content\/uploads\/2012\/07\/Tamda-Lhadj-Hammou-Ighil-Bougueni-Mohamed-At-El-Hadj-Said-2-1024x768.jpg 1024w, https:\/\/www.timlilith-ib.fr\/wp-content\/uploads\/2012\/07\/Tamda-Lhadj-Hammou-Ighil-Bougueni-Mohamed-At-El-Hadj-Said-2-400x300.jpg 400w, https:\/\/www.timlilith-ib.fr\/wp-content\/uploads\/2012\/07\/Tamda-Lhadj-Hammou-Ighil-Bougueni-Mohamed-At-El-Hadj-Said-2-800x600.jpg 800w, https:\/\/www.timlilith-ib.fr\/wp-content\/uploads\/2012\/07\/Tamda-Lhadj-Hammou-Ighil-Bougueni-Mohamed-At-El-Hadj-Said-2-1200x900-cropped.jpg 1200w\" sizes=\"auto, (max-width: 234px) 100vw, 234px\" \/><\/a><figcaption id=\"caption-attachment-2322\" class=\"wp-caption-text\">Photos de Mohamed At El Hadj Said<\/figcaption><\/figure>\n<p><a style=\"font-weight: bold; background-color: transparent;\" title=\"Photos de Salem Mezaib\" href=\"http:\/\/www.timlilith-ib.fr\/?page_id=2523\"><img loading=\"lazy\" decoding=\"async\" class=\" wp-image-2527\" style=\"border: 1px solid black;\" src=\"http:\/\/www.timlilith-ib.fr\/wp-content\/uploads\/2013\/02\/Ighil-Bougueni-Oliviers-dhi-Thigherth-Salem-Mezaib.jpg\" alt=\"Ighil Bougueni - Oliviers dhi Thigherth\" width=\"234\" height=\"176\" \/><\/a><\/p>\n<p>Photos de Salem Mezaib&nbsp;<\/p>\n","protected":false},"excerpt":{"rendered":"<p>Cette Librairie de photos est mise \u00e0 la disposition des membres de notre communaut\u00e9 afin qu\u2019ils puissent partager entre eux des photos de notre village, l\u2019objectif \u00e9tant de le faire connaitre \u00e0 travers les photos que vous allez sugg\u00e9rer. Nous sommes persuad\u00e9s que de retour de\u00a0vos vacances, vous avez fait le plein de souvenirs. Si &hellip; <a href=\"https:\/\/www.timlilith-ib.fr\/?page_id=625\" class=\"more-link\">Continuer la lecture de <span class=\"screen-reader-text\">Ighil Bougueni en images<\/span>  <span class=\"meta-nav\">&rarr;<\/span><\/a><\/p>\n","protected":false},"author":1,"featured_media":0,"parent":45,"menu_order":0,"comment_status":"open","ping_status":"closed","template":"page-templates\/full-width.php","meta":{"footnotes":""},"class_list":["post-625","page","type-page","status-publish","hentry"],"jetpack_sharing_enabled":true,"_links":{"self":[{"href":"https:\/\/www.timlilith-ib.fr\/index.php?rest_route=\/wp\/v2\/pages\/625","targetHints":{"allow":["GET"]}}],"collection":[{"href":"https:\/\/www.timlilith-ib.fr\/index.php?rest_route=\/wp\/v2\/pages"}],"about":[{"href":"https:\/\/www.timlilith-ib.fr\/index.php?rest_route=\/wp\/v2\/types\/page"}],"author":[{"embeddable":true,"href":"https:\/\/www.timlilith-ib.fr\/index.php?rest_route=\/wp\/v2\/users\/1"}],"replies":[{"embeddable":true,"href":"https:\/\/www.timlilith-ib.fr\/index.php?rest_route=%2Fwp%2Fv2%2Fcomments&post=625"}],"version-history":[{"count":0,"href":"https:\/\/www.timlilith-ib.fr\/index.php?rest_route=\/wp\/v2\/pages\/625\/revisions"}],"up":[{"embeddable":true,"href":"https:\/\/www.timlilith-ib.fr\/index.php?rest_route=\/wp\/v2\/pages\/45"}],"wp:attachment":[{"href":"https:\/\/www.timlilith-ib.fr\/index.php?rest_route=%2Fwp%2Fv2%2Fmedia&parent=625"}],"curies":[{"name":"wp","href":"https:\/\/api.w.org\/{rel}","templated":true}]}}