{"id":712,"date":"2012-08-13T22:30:52","date_gmt":"2012-08-13T21:30:52","guid":{"rendered":"http:\/\/www.timlilith-ib.fr\/?page_id=712"},"modified":"2014-05-08T17:39:34","modified_gmt":"2014-05-08T16:39:34","slug":"lolivier","status":"publish","type":"page","link":"https:\/\/www.timlilith-ib.fr\/?page_id=712","title":{"rendered":"L&rsquo;olivier (Tazemourt Techfa)"},"content":{"rendered":"<div id=\"fb-root\"><\/div>\n<p style=\"text-align: justify;\">Nous\u00a0vous proposons\u00a0de visionner cette vid\u00e9o, de savourer cette narration en Kabyle. Quelques minutes de r\u00e9gal au c\u0153ur de cette langue \u00abTAKVAYLIT\u00bb qui est beaucoup plus qu&rsquo;une langue. C\u2019est un mode de vie, un comportement, une gestion soci\u00e9tale. Cette langue port\u00e9e, transmise et v\u00e9cue par des femmes et des hommes qui n&rsquo;ont d\u2019\u00e9gal que l&rsquo;olivier qu&rsquo;ils cultivent et respectent car seul l&rsquo;olivier se souvient.<\/p>\n<p>Bon visionnement.<\/p>\n<p><span style=\"color: #1155cc;\">[dailymotion id=x1o6yp]<\/span><\/p>\n","protected":false},"excerpt":{"rendered":"<p>Nous\u00a0vous proposons\u00a0de visionner cette vid\u00e9o, de savourer cette narration en Kabyle. Quelques minutes de r\u00e9gal au c\u0153ur de cette langue \u00abTAKVAYLIT\u00bb qui est beaucoup plus qu&rsquo;une langue. C\u2019est un mode de vie, un comportement, une gestion soci\u00e9tale. Cette langue port\u00e9e, transmise et v\u00e9cue par des femmes et des hommes qui n&rsquo;ont d\u2019\u00e9gal que l&rsquo;olivier qu&rsquo;ils &hellip; <a href=\"https:\/\/www.timlilith-ib.fr\/?page_id=712\" class=\"more-link\">Continuer la lecture de <span class=\"screen-reader-text\">L&rsquo;olivier (Tazemourt Techfa)<\/span>  <span class=\"meta-nav\">&rarr;<\/span><\/a><\/p>\n","protected":false},"author":1,"featured_media":0,"parent":264,"menu_order":4,"comment_status":"open","ping_status":"closed","template":"page-templates\/full-width.php","meta":{"footnotes":""},"class_list":["post-712","page","type-page","status-publish","hentry"],"jetpack_sharing_enabled":true,"_links":{"self":[{"href":"https:\/\/www.timlilith-ib.fr\/index.php?rest_route=\/wp\/v2\/pages\/712","targetHints":{"allow":["GET"]}}],"collection":[{"href":"https:\/\/www.timlilith-ib.fr\/index.php?rest_route=\/wp\/v2\/pages"}],"about":[{"href":"https:\/\/www.timlilith-ib.fr\/index.php?rest_route=\/wp\/v2\/types\/page"}],"author":[{"embeddable":true,"href":"https:\/\/www.timlilith-ib.fr\/index.php?rest_route=\/wp\/v2\/users\/1"}],"replies":[{"embeddable":true,"href":"https:\/\/www.timlilith-ib.fr\/index.php?rest_route=%2Fwp%2Fv2%2Fcomments&post=712"}],"version-history":[{"count":0,"href":"https:\/\/www.timlilith-ib.fr\/index.php?rest_route=\/wp\/v2\/pages\/712\/revisions"}],"up":[{"embeddable":true,"href":"https:\/\/www.timlilith-ib.fr\/index.php?rest_route=\/wp\/v2\/pages\/264"}],"wp:attachment":[{"href":"https:\/\/www.timlilith-ib.fr\/index.php?rest_route=%2Fwp%2Fv2%2Fmedia&parent=712"}],"curies":[{"name":"wp","href":"https:\/\/api.w.org\/{rel}","templated":true}]}}