{"id":873,"date":"2012-08-21T23:09:09","date_gmt":"2012-08-21T22:09:09","guid":{"rendered":"http:\/\/www.timlilith-ib.fr\/?page_id=873"},"modified":"2017-12-30T14:24:48","modified_gmt":"2017-12-30T13:24:48","slug":"ils-sont-a-lorigine-de-timlilith-ib","status":"publish","type":"page","link":"https:\/\/www.timlilith-ib.fr\/?page_id=873","title":{"rendered":"Ils sont \u00e0 l\u2019origine de Timlilith-IB."},"content":{"rendered":"<div id=\"fb-root\"><\/div>\n<figure id=\"attachment_13248\" aria-describedby=\"caption-attachment-13248\" style=\"width: 555px\" class=\"wp-caption aligncenter\"><a href=\"http:\/\/www.timlilith-ib.fr\/wp-content\/uploads\/2016\/03\/Timlilith-IB-Les-origines-2.jpg\" rel=\"attachment wp-att-13248\"><img loading=\"lazy\" decoding=\"async\" class=\"wp-image-13248\" src=\"http:\/\/www.timlilith-ib.fr\/wp-content\/uploads\/2016\/03\/Timlilith-IB-Les-origines-2.jpg\" alt=\"Comit\u00e9 du village d\u2019Ighil Bougueni- Ann\u00e9e 1952 \u2013 Bois de Boulogne : Premier rang allong\u00e9s : MEZIANE Larbi, MEZIANE Youssef, MEZIANE Oualhadj 2\u00e8me rang assis : SAHRIDJ Mouloud, A\u00cfT CHELLOUCHE Idir, A\u00cfT OUADDA Salem, MOUFFOK Ahmed, BAKIR Mohand (Ma\u025bmu), MEZIANE Azouaw, RAHMOUNE Hamou, A\u00cfT CHELLOUCHE Belaid, 3\u00e8me rang debouts : OUFFROUKH Mohand, OULD FEROUKH Mohand Ouramdane, BAKIR Amokrane, BAKIR Abdelkader, OUFFROUKH Bazi, A\u00cfT OUARAB B\u00e9la\u00efd, BAKIR Akli, Chabane Amokrane FERROUKH , OUCHELLOUCHE Messaoud, MOUFFOK Boudjema. La personne manquante a \u00e9t\u00e9 identifi\u00e9e. Il s\u2019agit de Chabane Amokrane Hamou le neveu de Sa\u00efd Hamou (Cf. Vid\u00e9o de t\u00e9moignage de Bakir Akli) https:\/\/www.youtube.com\/watch?v=FHBekIqqiXU \" width=\"555\" height=\"370\" srcset=\"https:\/\/www.timlilith-ib.fr\/wp-content\/uploads\/2016\/03\/Timlilith-IB-Les-origines-2.jpg 750w, https:\/\/www.timlilith-ib.fr\/wp-content\/uploads\/2016\/03\/Timlilith-IB-Les-origines-2-300x200.jpg 300w, https:\/\/www.timlilith-ib.fr\/wp-content\/uploads\/2016\/03\/Timlilith-IB-Les-origines-2-600x400.jpg 600w\" sizes=\"auto, (max-width: 555px) 100vw, 555px\" \/><\/a><figcaption id=\"caption-attachment-13248\" class=\"wp-caption-text\">Comit\u00e9 du village d\u2019Ighil Bougueni- Ann\u00e9e 1952 \u2013 Bois de Boulogne : Premier rang allong\u00e9s : MEZIANE Larbi, MEZIANE Youssef, MEZIANE Oualhadj 2\u00e8me rang assis : SAHRIDJ Mouloud, A\u00cfT CHELLOUCHE Idir, A\u00cfT OUADDA Salem, MOUFFOK Ahmed, BAKIR Mohand (Ma\u025bmu), MEZIANE Azouaw, RAHMOUNE Hamou, A\u00cfT CHELLOUCHE Belaid, 3\u00e8me rang debouts : OUFFROUKH Mohand, OULD FEROUKH Mohand Ouramdane, BAKIR Amokrane, BAKIR Abdelkader, OUFFROUKH Bazi, A\u00cfT OUARAB B\u00e9la\u00efd, BAKIR Akli, Chabane Amokrane FERROUKH , OUCHELLOUCHE Messaoud, MOUFFOK Boudjema. La personne manquante a \u00e9t\u00e9 identifi\u00e9e. Il s\u2019agit de Chabane Amokrane Hamou le neveu de Sa\u00efd Hamou (Cf. article :\u00a0<a style=\"font-size: 16px;\" href=\"http:\/\/www.timlilith-ib.fr\/?p=5821\">http:\/\/www.timlilith-ib.fr\/?p=5821<\/a><\/figcaption><\/figure>\n<p style=\"text-align: justify;\"><span style=\"text-align: justify;\">Nous publions cette photo prise lors d\u2019une r\u00e9union du comit\u00e9 du village Ighil Bougueni en 1952 au Bois de Boulogne. Cette photo prend toute sa dimension et sa pertinence dans le cadre de notre association. Elle est l\u00e0 pour nous rappeler que nous ne sommes pas les pionniers \u00e0 avoir rassembl\u00e9 les membres du village pour parler des questions qui les concernent. Cette tradition remonte \u00e0 nos premiers immigrants en France. Soyons les dignes h\u00e9ritiers de cette g\u00e9n\u00e9ration de b\u00e2tisseurs qui a construit la France que nous connaissons aujourd\u2019hui, cette m\u00eame g\u00e9n\u00e9ration de r\u00e9sistants qui a grandement contribu\u00e9 \u00e0 la lib\u00e9ration de l\u2019Alg\u00e9rie par le biais de la f\u00e9d\u00e9ration de France (organe organisationnel du FLN en France). Il est \u00e9vident que la plupart des personnes qui apparaissent sur cette photo sont, aujourd&rsquo;hui, d\u00e9c\u00e9d\u00e9es ; nous souhaitons, cependant, longue vie \u00e0 ceux qui sont encore parmi nous.<\/span><\/p>\n<p style=\"text-align: justify;\"><em><strong>Timlilith-IB<\/strong><\/em><\/p>\n<p style=\"text-align: justify;\">Ci-dessous, le t\u00e9moignage de Bakir Akli, ajout\u00e9 le 18 janvier 2014 sur cette photo datant de 1952 au Bois de Boulogne et pr\u00e9sent sur ce clich\u00e9, le 4\u00e8me debout en partant de la droite.<\/p>\n<p>https:\/\/youtu.be\/FHBekIqqiXU<\/p>\n","protected":false},"excerpt":{"rendered":"<p>Nous publions cette photo prise lors d\u2019une r\u00e9union du comit\u00e9 du village Ighil Bougueni en 1952 au Bois de Boulogne. Cette photo prend toute sa dimension et sa pertinence dans le cadre de notre association. Elle est l\u00e0 pour nous rappeler que nous ne sommes pas les pionniers \u00e0 avoir rassembl\u00e9 les membres du village &hellip; <a href=\"https:\/\/www.timlilith-ib.fr\/?page_id=873\" class=\"more-link\">Continuer la lecture de <span class=\"screen-reader-text\">Ils sont \u00e0 l\u2019origine de Timlilith-IB.<\/span>  <span class=\"meta-nav\">&rarr;<\/span><\/a><\/p>\n","protected":false},"author":1,"featured_media":0,"parent":798,"menu_order":0,"comment_status":"open","ping_status":"closed","template":"page-templates\/full-width.php","meta":{"footnotes":""},"class_list":["post-873","page","type-page","status-publish","hentry"],"jetpack_sharing_enabled":true,"_links":{"self":[{"href":"https:\/\/www.timlilith-ib.fr\/index.php?rest_route=\/wp\/v2\/pages\/873","targetHints":{"allow":["GET"]}}],"collection":[{"href":"https:\/\/www.timlilith-ib.fr\/index.php?rest_route=\/wp\/v2\/pages"}],"about":[{"href":"https:\/\/www.timlilith-ib.fr\/index.php?rest_route=\/wp\/v2\/types\/page"}],"author":[{"embeddable":true,"href":"https:\/\/www.timlilith-ib.fr\/index.php?rest_route=\/wp\/v2\/users\/1"}],"replies":[{"embeddable":true,"href":"https:\/\/www.timlilith-ib.fr\/index.php?rest_route=%2Fwp%2Fv2%2Fcomments&post=873"}],"version-history":[{"count":0,"href":"https:\/\/www.timlilith-ib.fr\/index.php?rest_route=\/wp\/v2\/pages\/873\/revisions"}],"up":[{"embeddable":true,"href":"https:\/\/www.timlilith-ib.fr\/index.php?rest_route=\/wp\/v2\/pages\/798"}],"wp:attachment":[{"href":"https:\/\/www.timlilith-ib.fr\/index.php?rest_route=%2Fwp%2Fv2%2Fmedia&parent=873"}],"curies":[{"name":"wp","href":"https:\/\/api.w.org\/{rel}","templated":true}]}}